{"id":1117,"date":"2023-03-10T22:48:10","date_gmt":"2023-03-10T21:48:10","guid":{"rendered":"https:\/\/genexodladiabetyka.pl\/?page_id=1117"},"modified":"2026-03-20T15:32:26","modified_gmt":"2026-03-20T14:32:26","slug":"cgm-anytime-ct3","status":"publish","type":"page","link":"https:\/\/www.cgmgenexo.pl\/anytime\/","title":{"rendered":"System CGM Anytime GT3"},"content":{"rendered":"<style>.kb-row-layout-id_ad478d-c0 > .kt-row-column-wrap{align-content:start;}:where(.kb-row-layout-id_ad478d-c0 > .kt-row-column-wrap) > .wp-block-kadence-column{justify-content:start;}.kb-row-layout-id_ad478d-c0 > .kt-row-column-wrap{column-gap:var(--global-kb-gap-md, 2rem);row-gap:var(--global-kb-gap-md, 2rem);max-width:var(--wp--style--global--content-size);padding-top:var(--global-kb-spacing-sm, 1.5rem);padding-bottom:var(--global-kb-spacing-sm, 1.5rem);grid-template-columns:minmax(0, 1fr);}.kb-row-layout-id_ad478d-c0{background-color:#c5ff00;background-image:url('https:\/\/www.cgmgenexo.pl\/anytime\/wp-content\/uploads\/2026\/03\/home-2-scaled.jpg');background-size:cover;background-position:center center;background-attachment:scroll;background-repeat:no-repeat;}.kb-row-layout-id_ad478d-c0 > .kt-row-layout-overlay{opacity:0.30;}@media all and (max-width: 1024px){.kb-row-layout-id_ad478d-c0 > .kt-row-column-wrap{grid-template-columns:minmax(0, 1fr);}}@media all and (max-width: 767px){.kb-row-layout-id_ad478d-c0 > .kt-row-column-wrap{grid-template-columns:minmax(0, 1fr);}.kb-row-layout-id_ad478d-c0{background-color:#ffffff;background-image:none !important;}.kb-row-layout-id_ad478d-c0 [id*=\"jarallax-container-\"]{display:none !important;}}.kb-row-layout-id_ad478d-c0 {position: relative;}<\/style><div class=\"kb-row-layout-wrap kb-row-layout-id_ad478d-c0 alignnone kt-row-has-bg negative-margin wp-block-kadence-rowlayout\"><div class=\"kt-row-column-wrap kt-has-1-columns kt-row-layout-equal kt-tab-layout-inherit kt-mobile-layout-row kt-row-valign-top kb-theme-content-width\">\n<style>.kadence-column_0fe2f8-11 > .kt-inside-inner-col,.kadence-column_0fe2f8-11 > .kt-inside-inner-col:before{border-top-left-radius:0px;border-top-right-radius:0px;border-bottom-right-radius:0px;border-bottom-left-radius:0px;}.kadence-column_0fe2f8-11 > .kt-inside-inner-col:before{opacity:0.3;}.kadence-column_0fe2f8-11{position:relative;}<\/style>\n<div class=\"wp-block-kadence-column kadence-column_0fe2f8-11\"><div class=\"kt-inside-inner-col\"><style>@media all and (max-width: 1024px){.kb-image_4bfb50-13:not(.kb-image-is-ratio-size) .kb-img, .kb-image_4bfb50-13.kb-image-is-ratio-size{padding-bottom:var(--global-kb-spacing-xs, 1rem);}}<\/style>\n<figure class=\"wp-block-kadence-image kb-image_4bfb50-13 size-full\"><img loading=\"lazy\" decoding=\"async\" width=\"503\" height=\"140\" src=\"https:\/\/www.cgmgenexo.pl\/anytime\/wp-content\/uploads\/2024\/11\/logo.png\" alt=\"\" class=\"kb-img wp-image-1962\" srcset=\"https:\/\/www.cgmgenexo.pl\/anytime\/wp-content\/uploads\/2024\/11\/logo.png 503w, https:\/\/www.cgmgenexo.pl\/anytime\/wp-content\/uploads\/2024\/11\/logo-300x83.png 300w\" sizes=\"auto, (max-width: 503px) 100vw, 503px\" \/><\/figure>\n\n\n<style>.wp-block-kadence-advancedheading.kt-adv-heading_3213c5-88, .wp-block-kadence-advancedheading.kt-adv-heading_3213c5-88[data-kb-block=\"kb-adv-heading_3213c5-88\"]{margin-bottom:0px;font-size:var(--global-kb-font-size-md, 1.25rem);font-style:normal;}.wp-block-kadence-advancedheading.kt-adv-heading_3213c5-88 mark, .wp-block-kadence-advancedheading.kt-adv-heading_3213c5-88[data-kb-block=\"kb-adv-heading_3213c5-88\"] mark{font-style:normal;color:#f76a0c;padding-top:0px;padding-right:0px;padding-bottom:0px;padding-left:0px;}<\/style>\n<p class=\"kt-adv-heading_3213c5-88 wp-block-kadence-advancedheading\" data-kb-block=\"kb-adv-heading_3213c5-88\">System Ci\u0105g\u0142ego Monitorowania Glikemii w czasie rzeczywistym <\/p>\n\n\n<style>.wp-block-kadence-advancedheading.kt-adv-heading_334526-e5, .wp-block-kadence-advancedheading.kt-adv-heading_334526-e5[data-kb-block=\"kb-adv-heading_334526-e5\"]{margin-bottom:var(--global-kb-spacing-xxs, 0.5rem);font-size:28px;font-style:normal;}.wp-block-kadence-advancedheading.kt-adv-heading_334526-e5 mark, .wp-block-kadence-advancedheading.kt-adv-heading_334526-e5[data-kb-block=\"kb-adv-heading_334526-e5\"] mark{font-style:normal;color:#f76a0c;padding-top:0px;padding-right:0px;padding-bottom:0px;padding-left:0px;}<\/style>\n<p class=\"kt-adv-heading_334526-e5 wp-block-kadence-advancedheading\" data-kb-block=\"kb-adv-heading_334526-e5\"><strong>Dok\u0142adny i bezpieczny<\/strong><br><strong>Obj\u0119ty refundacj\u0105<\/strong> <img decoding=\"async\" style=\"vertical-align:middle;height:32px\" src=\"https:\/\/www.cgmgenexo.pl\/anytime\/wp-content\/uploads\/2025\/12\/nfz-black.png\" alt=\"\">*<\/p>\n\n\n<style>.wp-block-kadence-advancedheading.kt-adv-heading_1412b2-c6, .wp-block-kadence-advancedheading.kt-adv-heading_1412b2-c6[data-kb-block=\"kb-adv-heading_1412b2-c6\"]{margin-top:var(--global-kb-spacing-sm, 1.5rem);text-align:right;font-size:var(--global-kb-font-size-xxl, 4rem);font-style:normal;}.wp-block-kadence-advancedheading.kt-adv-heading_1412b2-c6 mark, .wp-block-kadence-advancedheading.kt-adv-heading_1412b2-c6[data-kb-block=\"kb-adv-heading_1412b2-c6\"] mark{font-style:normal;color:#f76a0c;padding-top:0px;padding-right:0px;padding-bottom:0px;padding-left:0px;}@media all and (max-width: 1024px){.wp-block-kadence-advancedheading.kt-adv-heading_1412b2-c6, .wp-block-kadence-advancedheading.kt-adv-heading_1412b2-c6[data-kb-block=\"kb-adv-heading_1412b2-c6\"]{padding-top:var(--global-kb-spacing-xxs, 0.5rem);padding-bottom:var(--global-kb-spacing-xs, 1rem);font-size:var(--global-kb-font-size-xl, 3rem);}}@media all and (max-width: 767px){.wp-block-kadence-advancedheading.kt-adv-heading_1412b2-c6, .wp-block-kadence-advancedheading.kt-adv-heading_1412b2-c6[data-kb-block=\"kb-adv-heading_1412b2-c6\"]{font-size:var(--global-kb-font-size-lg, 2rem);}}<\/style>\n<h2 class=\"kt-adv-heading_1412b2-c6 wp-block-kadence-advancedheading has-main-color has-text-color\" data-kb-block=\"kb-adv-heading_1412b2-c6\">Nie musisz ju\u017c wybiera\u0107<br>mi\u0119dzy jako\u015bci\u0105 a cen\u0105<\/h2>\n\n\n<style>.kadence-column_9486ef-66 > .kt-inside-inner-col,.kadence-column_9486ef-66 > .kt-inside-inner-col:before{border-top-left-radius:0px;border-top-right-radius:0px;border-bottom-right-radius:0px;border-bottom-left-radius:0px;}.kadence-column_9486ef-66 > .kt-inside-inner-col:before{opacity:0.3;}.kadence-column_9486ef-66{position:relative;}.kadence-column_9486ef-66 {aspect-ratio: 16\/9}<\/style>\n<div class=\"wp-block-kadence-column kadence-column_9486ef-66\"><div class=\"kt-inside-inner-col\">\n<figure class=\"wp-block-kadence-image kb-image_51d789-02 only-mobile negative-margin\"><img loading=\"lazy\" decoding=\"async\" width=\"1819\" height=\"865\" src=\"https:\/\/www.cgmgenexo.pl\/anytime\/wp-content\/uploads\/2026\/03\/home-small.jpg\" alt=\"\" class=\"kb-img wp-image-4216\" srcset=\"https:\/\/www.cgmgenexo.pl\/anytime\/wp-content\/uploads\/2026\/03\/home-small.jpg 1819w, https:\/\/www.cgmgenexo.pl\/anytime\/wp-content\/uploads\/2026\/03\/home-small-300x143.jpg 300w, https:\/\/www.cgmgenexo.pl\/anytime\/wp-content\/uploads\/2026\/03\/home-small-1024x487.jpg 1024w, https:\/\/www.cgmgenexo.pl\/anytime\/wp-content\/uploads\/2026\/03\/home-small-768x365.jpg 768w, https:\/\/www.cgmgenexo.pl\/anytime\/wp-content\/uploads\/2026\/03\/home-small-1536x730.jpg 1536w\" sizes=\"auto, (max-width: 1819px) 100vw, 1819px\" \/><\/figure>\n<\/div><\/div>\n<\/div><\/div>\n\n<\/div><\/div>\n\n<style>.kadence-column_60d9c8-ed > .kt-inside-inner-col{padding-top:var(--global-kb-spacing-xxs, 0.5rem);padding-right:var(--global-kb-spacing-xxs, 0.5rem);padding-bottom:var(--global-kb-spacing-xxs, 0.5rem);padding-left:var(--global-kb-spacing-xxs, 0.5rem);}.kadence-column_60d9c8-ed > .kt-inside-inner-col,.kadence-column_60d9c8-ed > .kt-inside-inner-col:before{border-top-left-radius:0px;border-top-right-radius:0px;border-bottom-right-radius:0px;border-bottom-left-radius:0px;}.kadence-column_60d9c8-ed > .kt-inside-inner-col{background-color:#EDF3E1;}.kadence-column_60d9c8-ed > .kt-inside-inner-col:before{opacity:0.3;}.kadence-column_60d9c8-ed{position:relative;}.kadence-column_60d9c8-ed {}<\/style>\n<div class=\"wp-block-kadence-column kadence-column_60d9c8-ed negative-margin\"><div class=\"kt-inside-inner-col\"><style>.wp-block-kadence-advancedheading.kt-adv-heading_d72e8a-b7, .wp-block-kadence-advancedheading.kt-adv-heading_d72e8a-b7[data-kb-block=\"kb-adv-heading_d72e8a-b7\"]{font-size:var(--global-kb-font-size-sm, 0.9rem);font-style:normal;}.wp-block-kadence-advancedheading.kt-adv-heading_d72e8a-b7 mark, .wp-block-kadence-advancedheading.kt-adv-heading_d72e8a-b7[data-kb-block=\"kb-adv-heading_d72e8a-b7\"] mark{font-style:normal;color:#f76a0c;padding-top:0px;padding-right:0px;padding-bottom:0px;padding-left:0px;}<\/style>\n<div class=\"kt-adv-heading_d72e8a-b7 wp-block-kadence-advancedheading\" data-kb-block=\"kb-adv-heading_d72e8a-b7\">*Dane w oparciu o rozporz\u0105dzenie Ministra Zdrowia z dn. 4 lipca 2024 r. zmieniaj\u0105ce rozporz\u0105dzenie w sprawie wykazu wyrob\u00f3w medycznych wydawanych na zlecenie.<\/div>\n<\/div><\/div>\n","protected":false},"excerpt":{"rendered":"<p>System Ci\u0105g\u0142ego Monitorowania Glikemii w czasie rzeczywistym Dok\u0142adny i bezpiecznyObj\u0119ty refundacj\u0105 * Nie musisz ju\u017c wybiera\u0107mi\u0119dzy jako\u015bci\u0105 a cen\u0105 *Dane w oparciu o rozporz\u0105dzenie Ministra Zdrowia z dn. 4 lipca 2024 r. zmieniaj\u0105ce rozporz\u0105dzenie w sprawie wykazu wyrob\u00f3w medycznych wydawanych na zlecenie.<\/p>\n","protected":false},"author":1,"featured_media":0,"parent":0,"menu_order":0,"comment_status":"closed","ping_status":"closed","template":"cgm-template.php","meta":{"inline_featured_image":false,"footnotes":""},"class_list":["post-1117","page","type-page","status-publish","hentry"],"_links":{"self":[{"href":"https:\/\/www.cgmgenexo.pl\/anytime\/wp-json\/wp\/v2\/pages\/1117","targetHints":{"allow":["GET"]}}],"collection":[{"href":"https:\/\/www.cgmgenexo.pl\/anytime\/wp-json\/wp\/v2\/pages"}],"about":[{"href":"https:\/\/www.cgmgenexo.pl\/anytime\/wp-json\/wp\/v2\/types\/page"}],"author":[{"embeddable":true,"href":"https:\/\/www.cgmgenexo.pl\/anytime\/wp-json\/wp\/v2\/users\/1"}],"replies":[{"embeddable":true,"href":"https:\/\/www.cgmgenexo.pl\/anytime\/wp-json\/wp\/v2\/comments?post=1117"}],"version-history":[{"count":36,"href":"https:\/\/www.cgmgenexo.pl\/anytime\/wp-json\/wp\/v2\/pages\/1117\/revisions"}],"predecessor-version":[{"id":4222,"href":"https:\/\/www.cgmgenexo.pl\/anytime\/wp-json\/wp\/v2\/pages\/1117\/revisions\/4222"}],"wp:attachment":[{"href":"https:\/\/www.cgmgenexo.pl\/anytime\/wp-json\/wp\/v2\/media?parent=1117"}],"curies":[{"name":"wp","href":"https:\/\/api.w.org\/{rel}","templated":true}]}}